5). Suppose 8*w - y = 88. What are the prime factors of w?
2, 97
Let f(k) = -26*k - 34. List the prime factors of f(-6).
2, 61
Suppose -210 = -2*x - 6. Let o = 10 + x. Let q = 161 - o. What are the prime factors of q?
7
Let a be (-332)/15 - (-1)/(60/8). Suppose 2*m - 3*n - 2*n = -3, -21 = -3*m - n. Let h = m - a. List the prime factors of h.
2, 7
Let g = 1565 - 1080. Suppose -t - 209 = -2*k - 0*t, -5*t = 5*k - g. List the prime factors of k.
2, 3, 17
Suppose 4*f = 2*f - 5*y - 11, 7 = -f - 3*y. Suppose 3*a - 3*o = 150, 2*a - 160 = -a - f*o. What are the prime factors of a?
2, 13
Suppose 1 = 5*b + n - 43, 4*n - 16 = 0. Let o be (-2830)/(-15) - (-1)/3. Suppose b*h = h + o. List the prime factors of h.
3
Let c = 693 + -51. What are the prime factors of c?
2, 3, 107
Let u(z) = z**2 + 6*z. Let c be u(-6). Let l be 2/5 - (1472/(-20) + -4). What are the prime factors of c + 5/(10/l)?
3, 13
Suppose -5*t + 240 = -2*t. Let u = 144 - t. List the prime factors of u.
2
Suppose 0 = 2*z - 1 + 57. Let a(w) = -2*w + 2. Let n be a(3). Let j = n - z. What are the prime factors of j?
2, 3
List the prime factors of 4/18 + (-34675)/(-657).
53
Let p = -822 + 2211. What are the prime factors of p?
3, 463
Suppose 420 + 725 = 5*m. List the prime factors of m.
229
Let g(o) be the first derivative of o**3/3 + o**2 - 3*o + 6. List the prime factors of g(-8).
3, 5
Let b(v) = -v**3 - 4*v**2 - 5*v. Let w be 2/5*(-22 - -7). List the prime factors of b(w).
2, 3, 17
List the prime factors of 801 - ((8/2 - 7) + 6).
2, 3, 7, 19
List the prime factors of (1181/7)/((-28)/(-98))*2.
1181
Let i = 84 + -58. Let p = i + 52. Suppose 5*c - 7*c = -p. List the prime factors of c.
3, 13
Let t(j) = -j**2 - 17*j + 19. Let p be t(-16). Suppose 32*q = p*q - 174. What are the prime factors of q?
2, 29
Suppose 3*n + 0*n = 5*s - 31, -5*s - 4*n = -17. Let r = s + 55. List the prime factors of r.
2, 3, 5
Suppose -2*g = -2*w + 2, -w = 4*g - 3*w - 4. Suppose g*x = 15 - 0. Suppose -4*a + 48 = -y + x*y, -a = 5*y - 28. List the prime factors of a.
2
List the prime factors of (-2)/(-6) + 222400/96.
7, 331
Suppose -3*d - 96 = d. What are the prime factors of (-4)/d + 537/18?
2, 3, 5
Let t(a) = 11*a - 34 - 11 + 23. List the prime factors of t(6).
2, 11
What are the prime factors of (-10)/(350/15) + (-1728)/(-14)?
3, 41
Suppose 0 = 4*a - a + 12, -5*n + 5*a = 70. Let g = n - -50. List the prime factors of g.
2
Let t(i) = -i + 58. Suppose -3*w = -u - 2, -2*w + 10 = -6*w - 5*u. What are the prime factors of t(w)?
2, 29
Let r(l) = 8*l - 12. Let x(i) = 7*i - 11. Let s(u) = -5*r(u) + 6*x(u). Let w be s(-7). Let f = w + 61. What are the prime factors of f?
41
Let x = -23 - -27. Let k(s) = s**3 - 4*s**2 + 2*s - 5. What are the prime factors of k(x)?
3
Suppose -2*i = -4*p + 2782, 12*p - 8*p = -i + 2773. List the prime factors of p.
2, 347
Suppose 0 = t - 2*t. Suppose -3*b + 2*u = 6*u - 12, t = 4*b + u - 16. Suppose -b*r = 5*c - 131, -4*r = c + 1 - 120. List the prime factors of r.
29
Let m(u) = -u**3 - 10*u**2 - u - 8. Let o = -31 + 21. Let l be m(o). Suppose 138 = 4*h - 0*g + 2*g, h = -l*g + 39. What are the prime factors of h?
3, 11
Let h(t) = -3*t**3 - 11*t**2 + t - 37. What are the prime factors of h(-9)?
2, 5
Let m(b) = 943*b**2 - 2*b - 1. List the prime factors of m(-1).
2, 59
Let d be 2/(-7) - 88/(-14). Let a(k) = -k**2 + 12*k - 8. What are the prime factors of a(d)?
2, 7
Let s(j) = 13*j**2 - 11*j - 26. List the prime factors of s(-4).
2, 113
Suppose 63 = z - 6. Suppose -z = -d - 2*d. Suppose s - d = -v + 2, -5*v - s + 133 = 0. What are the prime factors of v?
3
Let p = 22 - 31. Let x(s) = -s**3 - 6*s**2 + 14*s + 5. List the prime factors of x(p).
2, 61
Let b be (-3 + 0)*1 + 3. Suppose 3 = a - b*a. What are the prime factors of (-9)/(-6)*8/a?
2
Suppose 771 = 4*k - x, -3*x - 2*x - 960 = -5*k. Suppose -5*t + 72 = -k. List the prime factors of t.
53
Suppose 12 = 4*h, 0 = 4*r - 9*r + 2*h + 4. Suppose -5*y - r = -22. Suppose -2*s - 19 = -3*k, y*k + 4*s = k + 25. List the prime factors of k.
7
Suppose 3*t = 90 + 3555. What are the prime factors of t?
3, 5
Let p(s) = -s**3 - s**2 + 2*s + 3. Let r be p(-2). Suppose -r*u + 12 = -6. Suppose u*n - n = 310. What are the prime factors of n?
2, 31
Let x be ((-3)/(-4))/((-8)/(-32)). Let s be (-370)/50 + x/(-5). List the prime factors of (10 - 3)/((-2)/s).
2, 7
Let t(k) = 15*k**2 - 2*k - 1. Let u(i) = -31*i**2 + 3*i + 3. Let g(c) = -5*t(c) - 3*u(c). List the prime factors of g(2).
2, 5, 7
Let y = -3950 - -5644. List the prime factors of y.
2, 7, 11
Suppose -4*k = 4*x - 2300, 13*k + 1146 = 2*x + 11*k. List the prime factors of x.
2, 7, 41
Suppose 7*n - 12*n = -1820. What are the prime factors of n?
2, 7, 13
Let h = 2001 + -544. List the prime factors of h.
31, 47
Let r(o) = 13*o - 8 - 41*o + 12*o + 13*o. Let t be (-4)/(-2) - (-36)/(-3). List the prime factors of r(t).
2, 11
List the prime factors of (16 + 16)*(1 - -1).
2
Suppose 10*h + 4*d - 516 = 6*h, -5*h + 681 = -4*d. List the prime factors of h.
7, 19
Suppose -3*j - 9 = -7*j - r, -2*j + 2*r = -2. Suppose -4*g = -j*o - 236, g + o - 73 = -2*o. List the prime factors of g.
61
Suppose 3*j = 2*j + 3*t + 5, -3*t - 9 = 0. What are the prime factors of ((-2)/j)/((-1821)/(-606) - 3)?
101
Let c(y) = 2*y**2 - 21*y + 14. Let d be c(10). Suppose 73 = j + d*k, 3*j - 6*j = -4*k - 251. What are the prime factors of j?
3
Suppose 3*h - 15 = 0, -2*v + 4*h + 115 = -7*v. Let k be ((-12)/(-10))/(v/(-315)). Suppose 0 = 5*b + k + 1, j - 3*b - 46 = 0. List the prime factors of j.
37
Let g(w) = 251*w**2 - 6*w + 6. List the prime factors of g(1).
251
Let a = 1704 + -994. What are the prime factors of a?
2, 5, 71
Suppose 0*j = 2*j + 12. Let n(i) = i**2 + 6*i + 2. Let z be n(j). Suppose 9 = -3*x, z*x = -5*y - x + 121. What are the prime factors of y?
2, 13
Let d = 1261 - 406. List the prime factors of d.
3, 5, 19
Suppose 79 = -5*d + 3*c, c + 36 = -d - d. Let s(n) = -n**3 - 3*n**2 + 6*n + 5. Let q be s(-4). List the prime factors of q + 6 + 0 - d.
2, 5
Let b be 19/5 - 7/(-35). Let p be -9 - ((7 - b) + -4). List the prime factors of (16/6)/(p/(-36)).
2, 3
Let n be -7*(-1 - 12/(-21)). Suppose -2*d + 43 - 5 = 0. Suppose 2*a - d = -3*m, -7*m + 2*m + n*a = 0. What are the prime factors of m?
3
Suppose -3*k = -2*v - 200, 5*v = k + 3*k - 255. Suppose 4*d - k = 130. What are the prime factors of d?
2, 5
Suppose -1064 = 5*d + 1846. List the prime factors of (-2)/8 + d/(-24).
2, 3
Suppose -4*t + 2*n = 160, 5*n = -t - 5 - 13. Let c = 58 + t. Suppose 5*r = c, r - 3*r + 77 = 3*g. What are the prime factors of g?
23
Let y = 11 + -4. Let c be 25*(-1 - y/(-5)). List the prime factors of c*1 + -6 + 8.
2, 3
Let t be 10 + (-3 - 3)/3. List the prime factors of 27 + t/20*5.
29
Let j be (-18)/4*(-96)/(-36). Let m be (4/10)/(j/(-840)). Suppose -2*k = -m - 68. What are the prime factors of k?
2, 3
Suppose 4*d - 3*b - 19 = -4*b, 4*d - 25 = 5*b. Suppose -s + 116 = 4*m, 5*s - 488 = d*m - 2*m. List the prime factors of s.
2, 5
Let x(u) = -3*u**2 + 18*u. Let s be x(6). Suppose 6*l - 3*l - 258 = s. List the prime factors of l.
2, 43
Suppose -275 = -0*f + 5*f. Let a = -39 - f. List the prime factors of a.
2
Suppose t = 5*p - 237, -5*t - 1012 = -t - 4*p. Let l = -182 - t. List the prime factors of l.
3, 5
Suppose -9*d + 19862 + 235 = 0. Suppose 16*u = 5*u + d. What are the prime factors of u?
7, 29
Let j(w) = -w - 5. Let y be j(-6). Let d(b) = 65*b + 1. List the prime factors of d(y).
2, 3, 11
Let x be (-6 + 1)*(-6)/6. Let b(g) = -g**3 + 5*g**2 - g + 7. Let p be b(x). Let d(q) = 5*q**2 - 3*q + 2. What are the prime factors of d(p)?
2
Let h be (1 + (-426)/(-12))/((-2)/(-4)). Let y = -57 + h. What are the prime factors of y?
2
Suppose 3*j = k - 15, 8*k = -4*j + 5*k - 20. Let r be j/(-30) + (-447)/(-18). Suppose 0*q = u - 2*q - r, 91 = 4*u - 5*q. List the prime factors of u.
19
Let i(r) be the third derivative of r**6/120 + 7*r**5/60 - r**3/2 + 5*r**2. List the prime factors of i(-6).
3, 11
Suppose 0 = -14*t + 16*t - 22. Suppose -t*g + 7*g = -8. What are the prime factors of (-4)/8*(g - 26)?
2, 3
Let b(p) = -p**2 - 2*p - 1. Let l be b(-2). Suppose -3*c + 15 = 0, 20*k - 17*k + c - 2 = 0. What are the prime factors of 50 - ((k - 0) + l)?
2, 13
Suppose -3*z + 2*g + 1409 = -1584, g = -5*